actors of g.
17
Let d be -3*(2 - 52/12). Suppose -d*z + 5*z = 0. Suppose o - 4 = -z, 2*w + 5*o - 72 = 0. List the prime factors of w.
2, 13
Suppose c - 9 = 32. Let n = 85 + c. List the prime factors of n.
2, 3, 7
Let s be 10*3/(-6) + -5. Let c(m) = m**3 + 10*m**2 - 14*m + 6. What are the prime factors of c(s)?
2, 73
Let q(m) = -43*m - 18. What are the prime factors of q(-16)?
2, 5, 67
Let z be 1/2 + 18/4. Let x(v) = 8*v - 131. Let q be x(17). Let b = q + z. What are the prime factors of b?
2, 5
Let t(a) = a + 6. Let g be t(-6). Suppose -2*q + 5 = -2*l - l, g = 3*q - 2*l - 5. Let w = q - -11. List the prime factors of w.
2, 3
Suppose 12*v - 930 - 702 = 0. List the prime factors of (-3)/2*v/(-6).
2, 17
Let z be 30/(-5)*(-2)/6. Suppose z*x - 248 = 104. Suppose 0*n - 4*n + x = 0. What are the prime factors of n?
2, 11
Suppose 3*l + 69 = -3*z, -4*l - 38 = -2*z + 48. Let c = l + 56. Suppose -4*p = -22 - c. List the prime factors of p.
2, 7
What are the prime factors of 539*(4 + (-2)/(1 - -1))?
3, 7, 11
Let d(n) = -8*n - n - 109*n**3 - n**2 + 1 - 6*n + 16*n. Let h be d(-1). Suppose 108 = 3*i - 2*o, -3*o + 0*o + h = 3*i. List the prime factors of i.
2, 3
Let v(s) = 365*s - 4. List the prime factors of v(1).
19
Let o = 16 + -14. Let j be (-2)/(0 + o + 0). What are the prime factors of ((-2)/(-4))/(j/(-50))?
5
Let k(j) = -17*j - 6. Let f be k(-3). Suppose 2*w + 6*y = y + f, 3*w - 36 = 3*y. Suppose -i - w = -54. What are the prime factors of i?
3, 13
Let k(x) = 31*x - 35. List the prime factors of k(17).
2, 3, 41
Let t(l) = 3*l**3 - 2*l**2 - l - 1. Let c be t(2). Let n = 13 - c. List the prime factors of -1 + (-2 - n) - -6.
3
Let s(q) = 2*q**3 - 8*q**2 - 33*q + 37. What are the prime factors of s(9)?
2, 5, 11
Let p be (6/(-10))/(1/(-5)). Suppose -101 = -p*x - 4*o, -4*o + 17 = x - 30. What are the prime factors of x?
3
Let b(u) be the first derivative of u**3 - 5*u**2/2 - 4*u - 13. List the prime factors of b(5).
2, 23
Suppose 5*b - b = 0. Let r be (2 + b - 2)/(-1). Suppose r = 3*u + 26 - 110. List the prime factors of u.
2, 7
Suppose -722 - 628 = -3*k + 3*n, -865 = -2*k - 5*n. List the prime factors of k.
5, 89
Let c = -13 - -556. What are the prime factors of c?
3, 181
Let f = 54 - 52. Suppose -5*k - f*b - 3*b + 420 = 0, 2*k - 5*b = 161. What are the prime factors of k?
83
Suppose -260*s + 220 = -255*s. What are the prime factors of s?
2, 11
Suppose -3*j = j, 2*c - 24 = -2*j. Let p(r) = -3*r + 51. List the prime factors of p(c).
3, 5
Let b(w) = 2*w**2 - 4*w - 1. Let t(y) = 0*y**3 - 8 + 5 - 2*y**2 + y**3 + 4*y. Let m be t(2). What are the prime factors of b(m)?
29
Let d = 318 + -226. What are the prime factors of d?
2, 23
Let x(k) = 3*k + 4. Let d(r) = 5*r + 9. Let q(a) = 6*d(a) - 11*x(a). Let y(i) = i**3 - 9*i**2 - i + 1. Let p be y(9). List the prime factors of q(p).
2, 17
Let k be 6/(-1) + 13 + -9. Let z(l) = 13*l**2 + l - 1. List the prime factors of z(k).
7
Let v be 761/(-7) - -4*3/(-42). Let m = v + 288. List the prime factors of m.
179
Let m(s) = 42*s - 127. What are the prime factors of m(14)?
461
Suppose 0*k = -k - 6. List the prime factors of (k - -4)*(-25)/2.
5
Let c(a) = 9*a**2 - a - 11. Suppose 0 = -3*u + s - 5, s + 4 = 0. List the prime factors of c(u).
73
Let s = 1547 + 774. What are the prime factors of s?
11, 211
Suppose 30456 - 6250 = 13*l. List the prime factors of l.
2, 7, 19
Let b(u) = -u**2 - 33*u - 26. Let s be b(-32). Suppose 10*k - s*k - 724 = 0. What are the prime factors of k?
181
Let n(j) = j**2 - 16*j - 2. Let w be n(16). Let y be (w - 0)/((-18)/297). Suppose y = -4*f + 7*f. What are the prime factors of f?
11
Suppose 0 = -5*i - 10*i - 60. Let h(d) = 5*d + 3. Let u(a) = -3*a - 1. Let p(l) = 4*h(l) + 7*u(l). What are the prime factors of p(i)?
3
What are the prime factors of -8*(-1629)/6 - -2?
2, 1087
Suppose -11*r - 30*r = -410. List the prime factors of r.
2, 5
Suppose 6*z = 11*z - 4*g - 13319, 5*z - g = 13316. List the prime factors of z.
2663
Let r(p) = 2*p**2 - 58*p + 7. List the prime factors of r(33).
271
Let i(l) = -l**3 + 11*l**2 - l + 10. Let d be i(11). Let b = -2 + d. Let q = 6 - b. List the prime factors of q.
3
Let u be (-2 + (0 - 4))*(-17)/(-2). What are the prime factors of 6022/34 + 6/u?
3, 59
Suppose 0 = n - 0 - 3. Suppose 4*b + n = -13. List the prime factors of (2/b)/((-2)/92).
23
Let a(j) = 7*j + 6 + 0*j**2 + 8*j + 4*j**2. Let c be a(-6). Suppose -3*l + c + 54 = 0. What are the prime factors of l?
2, 19
Let a be (-3 - 0)/6*-4. Suppose 3*r = a*r + 5. Suppose r*b = -61 + 171. List the prime factors of b.
2, 11
Suppose -3*m - 1 = -4. Suppose -m = -a + 2. Let q = a + 24. What are the prime factors of q?
3
Let i(z) = z**3 - 9*z**2 - 16*z - 5. Let m(n) = n**3 + 2*n**2 - 4*n + 3. Let t be m(2). List the prime factors of i(t).
61
Let k = 23 - 20. Suppose 2*g - 246 = 3*m + m, -507 = -4*g + k*m. List the prime factors of g.
3, 43
Suppose r = 428 - 105. Suppose -4*h = -r - 341. Let q = h - 117. What are the prime factors of q?
7
Suppose -16741 = -20*k + 9839. List the prime factors of k.
3, 443
Suppose 2*h - 2 - 6 = 0. Let n = h + -4. Suppose n*k = 2*k - 6. What are the prime factors of k?
3
Suppose 6 = -2*u, -190 = r - 5*u - 495. What are the prime factors of r?
2, 5, 29
Suppose 5 = -y + 13. Suppose 0 = -y*v + 5*v. Suppose v = -3*u + u + 68. List the prime factors of u.
2, 17
Suppose -14 = 2*s + 4*f, -3*s - f = -3 - 1. Suppose 4*k = 5*k - s*w - 42, k = -2*w + 42. Let t = k + 0. List the prime factors of t.
2, 3, 7
Suppose 0 = -4*h + 73 - 13. What are the prime factors of 0 + 10/h*39?
2, 13
Let d = -11 + 14. Suppose d*m - 15 - 25 = 2*k, 30 = 5*m + 4*k. What are the prime factors of m?
2, 5
Suppose i - j + 4 = -2*j, 3*i = 4*j + 16. Let s(t) = -t - 6. Let v be s(i). List the prime factors of (-1)/((v/2)/147).
7
Let n(q) = 5*q**2 - 5*q + 3. Let z be n(3). Suppose -187 = -5*l - 6*l. Let x = z - l. List the prime factors of x.
2
Let n be -2*(0 - (-17)/2). Let v = n + -1. Let l = 0 - v. What are the prime factors of l?
2, 3
Let b(a) = 480*a + 19. List the prime factors of b(3).
1459
Suppose -2424 = -6*o - 264. List the prime factors of o.
2, 3, 5
Let n = -3057 + 6878. List the prime factors of n.
3821
Let o(h) = -460*h**3 + 7*h + 8. What are the prime factors of o(-1)?
461
Let q be 2/2 + (213 - -16). Suppose -3*u + q = 5*b, b + 2*b + 4*u = 149. What are the prime factors of b?
43
Let t(q) be the second derivative of 19*q**3/6 - 3*q**2/2 + 55*q. What are the prime factors of t(15)?
2, 3, 47
List the prime factors of -127*(3 + -6)*12/9.
2, 127
Let r = 3977 + -2599. List the prime factors of r.
2, 13, 53
Suppose 3*z - b = -z + 3121, z - 779 = -b. What are the prime factors of z?
2, 3, 5, 13
Let v = -717 + 943. List the prime factors of v.
2, 113
Let t = -10 - -13. Suppose t*i = -i - 52. Let d = -2 - i. List the prime factors of d.
11
Let j be 0 - -53 - (2 - 2). Suppose -8*u = -86 - 218. Let f = j - u. List the prime factors of f.
3, 5
Let d(k) = -3*k**3 - 26*k**2 + 2*k - 30. What are the prime factors of d(-10)?
2, 5, 7
Let z(r) = 2*r**2 - 107*r - 3. What are the prime factors of z(55)?
2, 3
Let t = 71 - -14. Suppose c + 3*o - t = 17, 2*c - 5*o - 226 = 0. List the prime factors of c.
2, 3
Suppose -4*u = 22 + 2. Let l = u - -33. What are the prime factors of l?
3
Let l be (48/99 + (-10)/(-55))*3. Suppose -2*h = -l*b + h + 133, 4*b - 4*h = 264. What are the prime factors of b?
5, 13
Suppose -2*i = a - 1098, -1617 = -3*i - a + 29. What are the prime factors of i?
2, 137
Let i = 1861 - 1262. What are the prime factors of i?
599
Let o be (-378)/30 - 12/30. Let h(t) = 11*t - 9. Let j be h(6). Let c = j + o. What are the prime factors of c?
2, 11
What are the prime factors of (-1383)/(-4) - (-105)/(-140)?
3, 5, 23
Suppose 0 = 2*c - 3*l - 3, 2*c = -0*l + 2*l + 4. Suppose 0*r = -2*r - 2. What are the prime factors of c*(-10 + -3)*r?
3, 13
Suppose 17*b = 14*b + 9. Suppose 2*k - 8 = -0*k. Suppose -4*q - 4*f = -108, -k*q + b*f + 140 = -f. List the prime factors of q.
31
Let n = -249 + 364. Suppose 4*d + n - 327 = 0. What are the prime factors of d?
53
Let r = 108 + -192. Let i = r + 189. What are the prime factors of i?
3, 5, 7
Let k(b) = -b**3 + 18*b**2 + 12*b + 11. Let d be k(17). Suppose -2*t = -6*t + d. List the prime factors of